a composite number?
True
Is 216199 a composite number?
True
Is 39853 a prime number?
False
Is 1319 a prime number?
True
Is 48629 a prime number?
False
Is 7207 composite?
False
Is 12077 a composite number?
True
Is 2999 prime?
True
Is 1269595 a composite number?
True
Is 1488611 a composite number?
True
Is 2721 composite?
True
Is 48553 a composite number?
True
Is 1132063 a prime number?
True
Is 78437 a composite number?
False
Is 1833473 a composite number?
False
Is 124205 composite?
True
Is 10123 a prime number?
False
Is 3941 prime?
False
Is 43853 prime?
True
Is 13227 a prime number?
False
Is 16706 composite?
True
Is 221021 a prime number?
True
Is 19697 composite?
False
Is 519 a composite number?
True
Is 33703 composite?
False
Is 97243 a composite number?
True
Is 223 prime?
True
Is 6528745 composite?
True
Is 765961 composite?
True
Is 29483 composite?
False
Is 73517 a composite number?
False
Is 1155419 composite?
False
Is 100807 composite?
True
Is 51049 a composite number?
True
Is 45449 composite?
True
Is 52529 composite?
False
Is 2342 a prime number?
False
Is 126419 a composite number?
True
Is 3407 a composite number?
False
Is 12791 composite?
False
Is 31 prime?
True
Is 221261 a composite number?
False
Is 1355629 prime?
False
Is 70361 a prime number?
False
Is 243993 a composite number?
True
Is 13907 a composite number?
False
Is 8434 composite?
True
Is 150941 a prime number?
False
Is 252941 a composite number?
True
Is 8453 prime?
False
Is 8119 a prime number?
False
Is 1104391 prime?
False
Is 8147 prime?
True
Is 337783 a composite number?
True
Is 1743793 a composite number?
False
Is 25523 prime?
True
Is 1735937 composite?
True
Is 263 composite?
False
Is 3415117 composite?
True
Is 15527 a prime number?
True
Is 2293 a prime number?
True
Is 178117 composite?
False
Is 243769 composite?
False
Is 39523 a prime number?
False
Is 1717 a prime number?
False
Is 223285 prime?
False
Is 629 composite?
True
Is 3299 prime?
True
Is 642397 a composite number?
True
Is 80767 a prime number?
False
Is 24931 a composite number?
True
Is 335 prime?
False
Is 1529401 a composite number?
False
Is 94933 composite?
False
Is 2953049 a prime number?
False
Is 859823 prime?
True
Is 103337 a composite number?
True
Is 224957 a prime number?
False
Is 1566149 prime?
False
Is 25423 a composite number?
False
Is 22901 prime?
True
Is 6847 a prime number?
False
Is 83329 a composite number?
True
Is 28513 composite?
False
Is 564007 a prime number?
False
Is 8819 composite?
False
Is 185411 prime?
False
Is 5701 prime?
True
Is 2521 prime?
True
Is 2835269 prime?
True
Is 583169 composite?
False
Is 11863 composite?
False
Is 23489 composite?
True
Is 218963 composite?
False
Is 8147 a prime number?
True
Is 724387 a prime number?
False
Is 413009 composite?
False
Is 6803 composite?
False
Is 41071 prime?
False
Is 1947937 composite?
True
Is 119389 composite?
False
Is 152123 a composite number?
False
Is 16673 a composite number?
False
Is 8923 a composite number?
False
Is 67519 composite?
True
Is 13306 prime?
False
Is 242171 prime?
True
Is 54751 a composite number?
False
Is 87383 composite?
False
Is 22877 a composite number?
False
Is 15859 a prime number?
True
Is 102139 a prime number?
True
Is 146347 a prime number?
True
Is 2897 a prime number?
True
Is 25111 a prime number?
True
Is 115727 composite?
False
Is 201751 prime?
False
Is 182239 a prime number?
True
Is 20897 a composite number?
False
Is 255623 a composite number?
True
Is 77153 composite?
False
Is 410017 a prime number?
False
Is 6521 a prime number?
True
Is 33265 prime?
False
Is 28361 a composite number?
True
Is 158513 a composite number?
True
Is 19959 composite?
True
Is 402581 a composite number?
False
Is 28129 composite?
True
Is 467 a prime number?
True
Is 75521 composite?
False
Is 144301 a prime number?
False
Is 134581 a prime number?
True
Is 48397 a composite number?
False
Is 162119 composite?
False
Is 6841 composite?
False
Is 361721 a composite number?
True
Is 3707 prime?
False
Is 4493 prime?
True
Is 47327 composite?
True
Is 92609 a composite number?
True
Is 205847 prime?
True
Is 3036401 prime?
True
Is 82354 a prime number?
False
Is 137267 a composite number?
True
Is 32061 a composite number?
True
Is 22147 a composite number?
False
Is 6119 a prime number?
False
Is 104459 a prime number?
True
Is 7751 a composite number?
True
Is 78809 a composite number?
False
Is 39499 a prime number?
True
Is 941 prime?
True
Is 11031 a composite number?
True
Is 29831 prime?
False
Is 13649 a prime number?
True
Is 2734 a composite number?
True
Is 1091 prime?
True
Is 700057 a prime number?
True
Is 342349 composite?
True
Is 11693 a prime number?
False
Is 34739 a prime number?
True
Is 2167531 a prime number?
True
Is 8578 composite?
True
Is 28901 prime?
True
Is 506761 prime?
False
Is 53857 a prime number?
True
Is 307 a prime number?
True
Is 23971 composite?
False
Is 383459 composite?
False
Is 57367 composite?
False
Is 43889 composite?
False
Is 151907 composite?
True
Is 432737 a composite number?
False
Is 32137 a prime number?
False
Is 741509 composite?
False
Is 535187 a composite number?
True
Is 662021 prime?
True
Is 2939 composite?
False
Is 109799 a prime number?
False
Is 8551 a composite number?
True
Is 82963 a composite number?
False
Is 259069 composite?
True
Is 6287 prime?
True
Is 36181 a composite number?
True
Is 3691 composite?
False
Is 30781 prime?
True
Is 2897 composite?
False
Is 316307 composite?
True
Is 10561 composite?
True
Is 251533 prime?
True
Is 73637 composite?
False
Is 17231 composite?
False
Is 3898 prime?
False
Is 4619 a prime number?
False
Is 149651 prime?
False
Is 58091 prime?
False
Is 42259 a composite number?
True
Is 122069 composite?
False
Is 18862 a composite number?
True
Is 12929 a composite number?
True
Is 779477 a prime number?
True
Is 1829 prime?
False
Is 23099 composite?
False
Is 11617 prime?
True
Is 39659 prime?
True
Is 686197 a prime number?
True
Is 30763 prime?
True
Is 29983 prime?
True
Is 532069 a prime number?
True
Is 3407 prime?
True
Is 3418 a prime number?
False
Is 344429 composite?
False
Is 15371 a prime number?
False
Is 1067 a prime number?
False
Is 85585 a composite number?
True
Is 728711 composite?
True
Is 6239 prime?
False
Is 135881 a composite number?
True
Is 29717 composite?
False
Is 263323 prime?
True
Is 2655929 prime?
True
Is 2317 a prime number?
False
Is 1964081 composite?
True
Is 1851457 a composite number?
False
Is 151741 prime?
False
Is 2988385 prime?
False
Is 1403981 composite?
False
Is 718367 a prime number?
False
Is 452923 a prime number?
True
Is 211 prime?
True
Is 246439 composite?
False
Is 44803 composite?
True
Is 23755 a composite number?
True
Is 166657 a prime number?
True
Is 1394083 a prime number?
True
Is 2461 a prime number?
False
Is 53479 a composite number?
False
Is 1857 prime?
False
Is 30749 composite?
True
Is 36683 a prime number?
True
Is 1001227 a prime number?
False
Is 248971 composite?
False
Is 3985 composite?
True
Is 809 prime?
True
Is 135319 a composite number?
False
Is 9411 a prime number?
False
Is 243671 a prime number?
True
Is 582455 a prime number?
False
Is 56489 composite?
False
Is 1465 composite?
True
Is 156665 a prime number?
False
Is 235777 prime?
False
Is 21265 a composite number?
True
Is 20921 composite?
False
Is 19063 a composite number?
True
Is 10757 a composite number?
True
Is 6353 composite?
False
Is 26193 a composite number?
True
Is 9491 a composite number?
False
Is 79657 composite?
False
Is 21433 a prime number?
True
Is 503951 prime?
False
Is 14461 prime?
True
Is 541 composite?
False
Is 7882471 a composite number?
False
Is 12526 a prime number?
False
Is 4946 composite?
True
Is 1937 prime?
False
Is 374491 a composite number?
True
Is 48443 a composite number?
True
Is 55331 composite?
False
Is 17231 a prime number?
True
Is 481369 composite?
True
Is 937 prime?
True
Is 59539 a composite number?
False
Is 22201 a composite number?
True
Is 30083 a prime number?
False
Is 251 prime?
True
Is 6449 prime?
True
Is 7121 prime?
True
Is 12149 a prime number?
True
Is 329 a prime number?
False
Is 226547 a prime number?
True
Is 203051 composite?
False
Is 33973 composite?
True
Is 346169 prime?
True
Is 26083 composite?
False
Is 130159 a composite number?
True
Is 149353 prime?
False
Is 9221 prime?
True
Is 